tor of o and z.
34
Suppose -7*a - 15*a = -968. What is the greatest common divisor of a and 99?
11
Let m(y) = 2*y**2 - 40*y - 31. Let o be m(21). Calculate the highest common divisor of 88 and o.
11
Suppose f - 2 = 2. Suppose -2*h + 20 = -2*o, -3*h - f*o + 23 = 2*h. Suppose 0 = -2*z + 41 + 1. What is the greatest common divisor of z and h?
7
Let d(w) = -w**3 - 16*w**2 - 15*w + 1. Let o be d(-15). Let x be (o - -12)*(8/(-4) + 3). What is the greatest common factor of x and 104?
13
Let a = -515 - -1205. Suppose 192 = 3*k - a. Suppose k = -2*l + 8*l. Calculate the highest common factor of 7 and l.
7
Suppose 3*l - r = 0, -r + 20 = 5*l + 4*r. Let k be 20/((2/6)/(l/2)). Suppose -810 = -3*b - 0*b. What is the highest common divisor of k and b?
30
Let t be (-4)/(-6) - (-2492)/42. What is the greatest common factor of 80 and t?
20
Let q = -107 - -161. Suppose 28 = 5*c - o, 24*o = c + 28*o - 14. What is the greatest common divisor of q and c?
6
Suppose -17*d + 8311 + 5561 = 0. What is the highest common factor of d and 51?
51
Let l = 66 + -58. Calculate the highest common divisor of 312 and l.
8
Let k = 5 - 0. Suppose -12 = 3*s, k*x + s - 55 = 6*s. What is the highest common divisor of 49 and x?
7
Let i be (-10)/((4/(-8))/(1 + 2)). What is the highest common divisor of i and 50?
10
Let t = 52 - 22. Let z = 40 - t. Calculate the greatest common factor of 4 and z.
2
Suppose -266 = y - 8*y. What is the highest common divisor of y and 4?
2
Let x = 1447 - 1303. What is the highest common factor of 112 and x?
16
Let a be (6/(-4))/(4/(-8)). Suppose 28 = -4*o + 8*o. Suppose o = -4*k + 91. Calculate the highest common divisor of a and k.
3
Suppose -4*i - 11 = 1. Let j = 3 + i. Let n be 107 + (j - (3 + -6)). Calculate the greatest common factor of 10 and n.
10
Let w(r) = -r**2 - 6*r + 30. Let g be w(-8). What is the greatest common factor of g and 7?
7
Suppose 0 = 3*q - 4 - 2. Suppose 1 = -2*g - v - q*v, 3*g = -5*v - 4. What is the greatest common factor of g and 63?
7
Let w(p) = -4*p - 38*p**2 + 19*p**2 + 17*p**2 - p**3. Let n be w(-3). What is the highest common factor of n and 7?
7
Let s(c) = -c - 10. Let j be s(-13). Suppose 8 = j*l - 10. Suppose 0 = l*v - 8*v + 16. Calculate the greatest common divisor of 1 and v.
1
Suppose 2*y + 844 = 3*u, -4*u - 3*y + 1116 = -y. Suppose 29*s - 21*s - u = 0. Calculate the greatest common factor of s and 5.
5
Let v = -17 + 19. Suppose v*o = -4*o + 12. Suppose 5*g - o*k = 4*g + 54, 3*k - 183 = -4*g. What is the highest common divisor of 6 and g?
6
Let y = 418 + 554. Suppose 253 = 7*b - y. Calculate the greatest common factor of 25 and b.
25
Let r be (-1)/(45/(-21) - -2). Suppose 3*y = 2*y + r. Let n be (11/11)/(2/112). Calculate the highest common factor of n and y.
7
Let o = -1157 + 1283. What is the highest common factor of o and 70?
14
Suppose 4*k - 1231 - 609 = 0. Suppose k = -0*f + 5*f. What is the highest common factor of 23 and f?
23
Let j = -520 - -600. Suppose 2*z - 16 - 4 = 4*w, -4*w = 5*z - 50. What is the highest common divisor of j and z?
10
Let a be ((-4)/8)/((-1)/46). Suppose -1604 = -5*g - 569. Calculate the highest common divisor of g and a.
23
Let q(u) = 10*u**2 + 7*u - 12. Let p be q(3). Calculate the greatest common factor of 33 and p.
33
Let b = 137 + -104. Calculate the highest common divisor of b and 1023.
33
Suppose -2*h = 5*d - 164, 0*h - 3*h + 208 = -2*d. Let c be 11/(-3)*h/(-3). Let m = -58416 + 58427. Calculate the greatest common factor of m and c.
11
Suppose 4*w + 58 = 2*c + 14, c = w + 27. Let q = 3 + 1. Suppose 21 = t + q*m - 5*m, -2*t = 2*m - 22. What is the highest common divisor of c and t?
16
Suppose 4*u - 43 = -5*j, -44 = -5*u - 0*u - 3*j. Let n(g) = -g**2 - g + 1. Let x be n(4). Let o = 58 - x. Calculate the greatest common factor of u and o.
7
Let r = 55 - 10. Let y(d) = -d**3 + d**2 - 3*d. Let u be y(-3). Let o = u + -40. Calculate the highest common factor of r and o.
5
Let s be 28/7*7/2. Let l be s + 8/(8/3). Suppose 43 = 4*i + 5*u, i + 3*i - 73 = u. What is the highest common divisor of i and l?
17
Let j be 3/((-18)/(-2))*39. Let h = -216 + 359. Calculate the highest common divisor of j and h.
13
Suppose 0 = 8*t + 6*t - 742. Calculate the greatest common factor of 106 and t.
53
Let y = -26 - -56. What is the greatest common factor of 48 and y?
6
Let z(h) = h**3 - 13*h**2 - 11*h + 28. Let v be z(14). What is the greatest common divisor of 700 and v?
70
Let j = -455 - 181. Let h be j/(-16) + ((-5)/(-20) - 0). Calculate the highest common factor of 160 and h.
40
Let k(v) = v**3 - 7*v**2 + 10*v - 9. Let a be k(6). Suppose 15 = 2*n - 5*z, 2*z = -z + a. Calculate the highest common divisor of n and 30.
10
Let d = 46 + -13. Let j be (-27)/(-1 - d/(-36)). Calculate the highest common factor of j and 12.
12
Let j be (-87)/(-15) - 1/(-5). Suppose 3*y + 5*k - 13 = 2*y, 4*y - j = 3*k. Suppose -304 = -y*a - a. What is the highest common divisor of a and 19?
19
Let h be 5*(-296)/(-60) - (-2)/6. Let b be (4 - 3)/(1 - 24/h). Calculate the highest common factor of b and 325.
25
Let p(l) = -l**3 + 2*l**2 + 2*l - 2. Let y be p(2). Let c be y/9 + 32/18. Suppose 2*n - 54 = -n. What is the highest common factor of c and n?
2
Let r(k) = 3*k**3 + k**2 - 6. Let a be r(3). What is the highest common factor of a and 189?
21
Let v(h) = h**2 - 6*h + 3. Let g be v(3). Let x be (-8)/8 - g/2. Suppose -x*o + 35 - 7 = 0. Calculate the highest common factor of 2 and o.
2
Let t(j) = 16*j**2 + j + 1. Suppose x = 2*q - 7, -x + 11 = 4*q - 6. Let b be 2/(-3)*(2 + x). Let r be t(b). What is the greatest common divisor of r and 7?
7
Let z = -151 - -556. Suppose 0 = 3*s - 0*s - z. What is the highest common factor of s and 15?
15
Let w(b) = b**2 - 8*b + 8. Let f(c) = 4*c**3 - 4*c**2 + 2*c. Let k be f(2). Let l be 10/k*1*18. Let d be w(l). Calculate the greatest common factor of d and 68.
17
Suppose -4*y = 3*a - 87, -5*y - 116 = -4*a - 0*y. What is the highest common divisor of 725 and a?
29
Suppose 3*r - 3*g - 6 = 0, -r - g = -6 + 2. Suppose 0 = -5*o + r + 122. Calculate the highest common factor of 225 and o.
25
Let j(g) = -g**3 - g**2 + 8*g + 10. Let q be j(-3). Suppose 0 = -5*v - 0*v + 10. Calculate the highest common factor of q and v.
2
Suppose -2*i = -5*r + 110 + 54, 176 = 5*r + 2*i. Let f be ((-662)/2)/((-3)/3). Suppose 5*z - f = 519. What is the greatest common divisor of r and z?
34
Suppose 0*p - 4*p + 5*x + 211 = 0, 2*p - 111 = -3*x. Let u be ((-1 - 1)/(-2))/(9/p). What is the greatest common divisor of 18 and u?
6
Let v(t) = -t + 8. Let q be (-9)/(-2) + 5/10. Let m be v(q). Suppose y = m*u - 24, -4*y = -3*u + 8*u - 40. What is the greatest common divisor of 72 and u?
8
Suppose 5*s + 5*s - 820 = 0. Suppose 0 = -3*y + 5*y - k - 67, 0 = -2*y - 2*k + s. What is the highest common factor of 108 and y?
36
Suppose 0 = 45*c - 2143 - 1007. What is the highest common factor of c and 18?
2
Let z = 50 + -46. Calculate the highest common factor of z and 244.
4
Let v = 12 + -12. Suppose v*p + 2*p - 20 = 0. Suppose 11*h - 21 = p*h. Calculate the greatest common factor of 84 and h.
21
Let k = -222 + 224. Calculate the highest common divisor of 16 and k.
2
Suppose -37*d = -45*d + 64. What is the highest common divisor of d and 24?
8
Let c be -1*34*(-69)/6. Calculate the highest common factor of c and 23.
23
Suppose -2*r - f = -4*r + 516, 4*r + 4*f - 1008 = 0. Calculate the highest common factor of r and 64.
64
Let a(d) = -7*d - 16. Let c be a(-16). What is the greatest common divisor of c and 2?
2
Let o be 2*1 + 4/4. Let l be 4/(-6)*o/2. Let g be l - 34/4*-2. What is the greatest common divisor of 8 and g?
8
Let l = -757 - -791. What is the highest common divisor of 3638 and l?
34
Let g = 2185 - 2172. Suppose -2*i + 104 = 2*j, 4*i + 156 = 7*i - 3*j. What is the highest common divisor of g and i?
13
Suppose -10*d = -15*d + 1050. What is the highest common divisor of 30 and d?
30
Let v = -321 + 325. Let k = 7 - 5. What is the highest common divisor of v and k?
2
Suppose -5*u + 63 = 3*s - 456, -426 = -4*u + 3*s. Suppose q + 91 = 4*m, -5*m + 49 + 42 = 2*q. What is the highest common divisor of m and u?
21
Let k = 263 - 245. Suppose -4*v - 24 = -8*v. What is the greatest common factor of k and v?
6
Let q(v) = v - 23. Let w be q(26)